232033
Convert -1845a5a (base 12) to base 9.
-10476327
-13ef0c (base 16) to base 5
-313301010
Convert 21135213 (base 8) to base 4.
101023222023
What is -c681a (base 13) in base 12?
-152921
What is -332562 (base 8) in base 13?
-3bc84
What is -588b56 (base 12) in base 6?
-50315350
Convert 770002 (base 13) to base 16.
2ab584
-3db047 (base 14) to base 16
-20b397
What is -b69a88 (base 12) in base 5?
-1214104124
What is -1000101010101000 (base 2) in base 12?
-18660
What is 4340321 (base 5) in base 3?
10210010211
Convert 2277766 (base 12) to base 16.
65227e
What is 112212010111 (base 3) in base 2?
1000111011001000111
-69710 (base 11) to base 6
-2054043
Convert -11231010 (base 5) to base 12.
-4b045
What is 1030311204 (base 5) in base 12?
89b97b
Convert -75000 (base 15) to base 7.
-3104235
Convert -10011202221 (base 3) to base 15.
-137da
Convert 127abb (base 12) to base 10.
303983
What is 1406a05 (base 11) in base 3?
11120012102120
What is dc6d7 (base 14) in base 15?
a8201
What is 22212202102222 (base 3) in base 16?
480224
Convert 28554 (base 9) to base 6.
225504
503101524 (base 6) to base 8
40463674
136c10 (base 13) to base 4
1303102013
-111021000332 (base 4) to base 12
-1a33192
What is -202222002120 (base 3) in base 9?
-688076
50455512 (base 6) to base 16
15f344
Convert -18163e (base 16) to base 2.
-110000001011000111110
Convert c2d5 (base 14) to base 8.
101343
Convert -2034224 (base 7) to base 4.
-323210111
-514786 (base 13) to base 10
-1895107
-1000210002112 (base 3) to base 5
-114444233
What is 22733430 (base 8) in base 11?
288a095
What is -1010111110011101011 (base 2) in base 8?
-1276353
-1a392e (base 15) to base 2
-100110111111101111011
Convert -210303321 (base 4) to base 10.
-150777
85926 (base 10) to base 14
23458
What is -2511052 (base 6) in base 9?
-223405
What is 1000111110011111011110 (base 2) in base 3?
11102112212112
Convert 55a811 (base 12) to base 3.
2120102012011
-802536 (base 11) to base 14
-258a54
Convert 39e93 (base 15) to base 5.
21414123
Convert -11240022 (base 5) to base 4.
-121001300
-26544522 (base 7) to base 2
-1001010101101101111100
1536739 (base 10) to base 16
1772e3
What is 3065494 (base 11) in base 8?
24505753
What is 383100 (base 11) in base 3?
1010201002000
Convert 3225212 (base 7) to base 16.
5ffe1
-105020563 (base 7) to base 4
-120100101322
Convert -100201212220 (base 3) to base 9.
-321786
Convert 3044340211 (base 5) to base 16.
5f4fa2
Convert 44b2bbb (base 12) to base 15.
1252e98
-11020400100 (base 5) to base 14
-181628d
What is 8179b (base 12) in base 3?
22120110202
Convert -1b10500 (base 12) to base 16.
-57a7d0
What is 2a708 (base 11) in base 14?
11b95
Convert -bb7 (base 16) to base 8.
-5667
Convert -30173 (base 13) to base 15.
-1a6eb
Convert -555562 (base 7) to base 11.
-67731
What is 10021100102222 (base 3) in base 14?
333a56
What is -3a587 (base 12) in base 7?
-453100
Convert -546175 (base 14) to base 4.
-22322020123
-57540 (base 15) to base 16
-43daf
Convert -101101210202 (base 3) to base 9.
-341722
-200102121201112 (base 3) to base 12
-3344242
Convert 14512334 (base 6) to base 2.
1111011110110100010
-167829 (base 11) to base 12
-106011
Convert -332132 (base 11) to base 12.
-21679a
-113232201 (base 5) to base 13
-1546b8
Convert 13cf9 (base 16) to base 5.
10044040
What is 1442523 (base 6) in base 3?
11020122020
Convert 6534134 (base 7) to base 9.
1446388
Convert -2261020 (base 7) to base 12.
-1181b7
Convert 132290 (base 12) to base 13.
b0436
32744011 (base 8) to base 2
11010111100100000001001
1a04b8 (base 14) to base 10
922930
What is -4bd20 (base 14) in base 16?
-2d838
Convert 5336135 (base 7) to base 4.
2132031002
-25981 (base 10) to base 6
-320141
Convert 240311201 (base 5) to base 7.
12245305
-5006342 (base 9) to base 6
-133015232
-5bd512 (base 14) to base 3
-12220221202002
What is 26150012 (base 7) in base 15?
320abb
Convert -64308 (base 14) to base 16.
-3b194
Convert -11011101011000010 (base 2) to base 10.
-113346
What is 3323123 (base 4) in base 10?
16091
Convert -102044435 (base 6) to base 11.
-1005773
Convert 760118 (base 12) to base 16.
1c7aa4
189992 (base 11) to base 7
2322261
What is 100000101110100101001000 (base 2) in base 4?
200232211020
What is 335c9 (base 16) in base 14?
5694d
-142420424 (base 5) to base 6
-24012023
Convert -4ab24 (base 15) to base 9.
-403457
1457808 (base 13) to base 7
106002264
33321322 (base 7) to base 11
16972a0
-37151a (base 15) to base 12
-a72081
What is -1101321201 (base 4) in base 12?
-142169
6198a (base 11) to base 8
260374
What is 30d8f (base 16) in base 9?
334410
100322331 (base 4) to base 2
10000111010111101
-1105613 (base 7) to base 6
-2531455
Convert 1976221 (base 10) to base 14.
3962a9
Convert -27080 (base 16) to base 8.
-470200
What is 345164 (base 7) in base 3?
10010211012
What is 6cc27 (base 14) in base 5?
32001221
What is -35811 (base 14) in base 10?
-130551
Convert -190134 (base 14) to base 3.
-1122220100201
15a4600 (base 11) to base 9
5118768
What is 351145 (base 6) in base 10?
30089
What is 927761 (base 11) in base 16?
16b84c
What is -3116187 (base 9) in base 16?
-1965d3
Convert -108162 (base 11) to base 6.
-3403440
-1da65 (base 15) to base 13
-35108
What is 23cc908 (base 13) in base 7?
163446442
1344400402 (base 5) to base 15
495b87
What is 16b59 (base 14) in base 13?
1ccc6
What is -103243010 (base 5) in base 16?
-6d0a6
What is 172c7c (base 14) in base 5?
202032221
What is -50d06 (base 14) in base 3?
-100212222200
What is 1351265 (base 7) in base 13?
64256
Convert -677af9 (base 16) to base 9.
-13675650
Convert -10102011011 (base 4) to base 7.
-12353654
Convert -5a18 (base 12) to base 9.
-14762
What is 3050131 (base 6) in base 8?
436107
Convert -152815 (base 9) to base 7.
-540656
What is -11301232200 (base 4) in base 15?
-1edaa0
1460297 (base 14) to base 6
552240113
What is -6a686 (base 11) in base 12?
-4b020
Convert 102a19d (base 14) to base 4.
131013303133
14603 (base 10) to base 2
11100100001011
Convert 4277314 (base 10) to base 16.
414442
What is 1402104415 (base 6) in base 4?
1000131203123
Convert -1737070 (base 10) to base 7.
-20523226
4020162 (base 7) to base 10
475491
972148 (base 10) to base 12
3aa704
What is -154047 (base 9) in base 6?
-2010541
41c19b (base 15) to base 3
12212222011202
Convert -993940 (base 10) to base 4.
-3302222110
27d229 (base 14) to base 5
323140121
17427444 (base 8) to base 11
2333919
Convert -621066 (base 7) to base 8.
-317063
388326 (base 10) to base 14
a1738
Convert 21572853 (base 9) to base 6.
1011440333
Convert -25508a (base 15) to base 5.
-424221010
-6284571 (base 11) to base 14
-1683d11
What is -140160 (base 9) in base 7?
-504030
Convert -11331312331 (base 4) to base 2.
-101111101110110111101
4074176 (base 9) to base 16
212f25
What is 1000011100110001 (base 2) in base 14?
c881
What is -20320122002 (base 4) in base 15?
-30ec7e
What is -31142232 (base 5) in base 12?
-104146
319517 (base 15) to base 14
45622c
What is -101222000200012 (base 3) in base 2?
-10110001110100001100011
-16168a (base 11) to base 8
-752254
Convert 230710 (base 8) to base 3.
10222101021
Convert -10312233113 (base 4) to base 14.
-251bb9
Convert 243001433 (base 5) to base 4.
10112202010
Convert -20405401 (base 6) to base 7.
-5014351
-515aa (base 13) to base 9
-242227
Convert -6acbc (base 14) to base 9.
-436243
Convert -21069b (base 16) to base 15.
-2cb46e
What is 13e77 (base 15) in base 3?
10020210211
-5364513 (base 8) to base 3
-2200221210102
-100553 (base 14) to base 2
-10000011100011111101
Convert 220100011111 (base 3) to base 16.
74f62
What is -8882b3 (base 12) in base 3?
-11002021202200
What is 225502 (base 13) in base 9?
1466201
-3133266 (base 7) to base 11
-239107
Convert 5859873 (base 10) to base 11.
3342678
Convert 1e317 (base 16) to base 9.
207572
Convert -284861 (base 9) to base 14.
-476b3
What is -ba03a (base 13) in base 15?
-6992a
Convert -2022234412 (base 5) to base 8.
-17514522
724661 (base 11) to base 10
1162756
Convert c19347 (base 16) to base 4.
300121031013
What is 9178f4 (base 16) in base 15?
c84bde
-4b339 (base 14) to base 16
-2d0a7
What is 311300020 (base 4) in base 12?
a74b4
What is 174655 (base 8) in base 11?
44027
What is -4302 (base 15) in base 11?
-a719
What is 2224255 (base 8) in base 11?
37aa70
What is 23144101 (base 